is the units digit of q(w)?
1
Let v(g) = -13*g**2 + 6*g + 5. Let y = 8 + -14. Let o(n) = 13*n**2 - 7*n - 6. Let w(m) = y*o(m) - 7*v(m). What is the units digit of w(-1)?
4
Let c(t) = -t**3 - 5*t**2 - 3*t + 3. Let a be c(-5). What is the tens digit of 4/a + (-124)/(-9)?
1
Let c be (-4)/(-4) - (-2 + 1). Let s(r) = -2*r. Let z be s(c). Let w = z - -9. What is the units digit of w?
5
Let x(v) = 4*v - 1. Let n be x(4). Suppose 4*r + 11 - 19 = 0. Suppose -k + c + n = -2*c, 2*k - r*c - 14 = 0. What is the units digit of k?
3
Suppose -2*x - 2 = 4*d - 4, 4*x + d = 4. What is the units digit of (x + -2)*(-153)/3?
1
Let q = 8 + -5. Suppose a = -49 - 51. What is the tens digit of a/5*q/(-4)?
1
Suppose -8*d - 14 = -46. What is the units digit of d?
4
Let y = -38 + 48. What is the units digit of y?
0
Let h = 4 - -2. What is the units digit of 9/h + 1/2?
2
Let w(v) = 2*v**2 + 2*v - 5. Let a = -13 - -9. What is the units digit of w(a)?
9
Suppose -25 = 5*n - 0*n. Let f(u) be the second derivative of -u**5/20 - u**4/2 - 4*u**3/3 - 5*u**2/2 - u. What is the units digit of f(n)?
0
Let v(a) = a + 11. Let g be v(-9). Suppose 0 = 2*z + 6, -2*z + 11 = g*x - 3*z. What is the units digit of x?
4
Let a(w) = -w**3 - w**2 + 2. Let b be a(-4). Let t = b + -28. What is the units digit of t?
2
Let j be (-678)/(-22) - 6/(-33). Suppose -3*f = -4*q - 87 + 34, -f = -4*q - j. What is the units digit of f?
1
Let x(r) be the second derivative of r**5/20 + 11*r**4/12 + 11*r**3/6 + 15*r**2/2 + r. Let h be (-4)/10 + (-288)/30. What is the units digit of x(h)?
5
Let y be (-3)/15 + 1/5. Suppose 12 = j + 4*j - a, y = -2*a - 4. Suppose u - 9 = -j*u. What is the units digit of u?
3
Let l = 6 + -3. Suppose 0 = l*j - j - 30. What is the units digit of j?
5
Suppose 0 = -3*n - 7*t + 2*t + 45, -3*n = 3*t - 51. What is the units digit of n?
0
Let v be 1/(-4) - 735/20. Let z = 53 + v. What is the tens digit of z?
1
Suppose r - 5*f = 5*r - 520, f = -2*r + 266. Suppose -6*s + s = -r. What is the units digit of s?
7
Let d be -52*4/(16/(-6)). Let y be (-2)/(-8) + d/8. Suppose 5*f - y = 2*x + 4, 3*f + 3*x = 0. What is the units digit of f?
2
Let z = 13 - 26. Suppose -22 = 5*u - 122. Let w = u + z. What is the units digit of w?
7
Let n(q) = q**3 + 6*q**2 - 8*q - 3. Let v be n(-5). Suppose -17 = 5*y - v. What is the units digit of y?
9
Let f be 27/((-6)/(-8) + 0). Let x = -22 + f. What is the tens digit of x?
1
Suppose -3*y - 13 = -5*f, 3 = 2*f - 7. Let k = y - 9. Let z(h) = -h**3 - 5*h**2 + h + 7. What is the units digit of z(k)?
2
Suppose -2*i = -4*v - 20, -3*i - 4 - 1 = v. What is the units digit of (-6)/v*60/9?
8
What is the units digit of -4 - (-5)/(15/21)?
3
Let t(v) = 5*v + 4. Let l be t(6). Suppose 2*d + 0*h - h = 25, -2*d = -4*h - l. What is the units digit of d?
1
Let n = -8 + 28. What is the units digit of n?
0
Suppose -5 = k - 3. Let w be (k + 8)*(-2)/6. Let d = w - -4. What is the units digit of d?
2
Let t = 83 + -56. Let y = 53 - t. What is the units digit of y?
6
Suppose -14*t - 576 = -17*t. What is the units digit of t?
2
Let m(k) = 7*k - 34. What is the units digit of m(17)?
5
Let r(a) = -3*a - 9. Let b(n) = -n - 1. Let c(w) = 4*b(w) - r(w). What is the tens digit of c(-7)?
1
Let y(l) = 11*l**2 - 3*l + 3. Let t be y(2). Suppose 2*u - t = -9. What is the units digit of u?
6
Let q(v) = -v - 10. Let l be q(8). Let u = -71 - -40. Let x = l - u. What is the units digit of x?
3
Let a(r) = r**2 - 2*r + 15. Let c be a(10). Let w = c + -52. What is the units digit of w?
3
Let i = 121 - -79. Suppose -2*v + 3*n = 27, 3*v + 2*v = 4*n - 50. What is the units digit of i/(-15)*v/4?
0
Suppose 0 = -x - 0*x + 4*u + 199, 0 = 5*x + 5*u - 895. Suppose -5*q + x = 8. What is the tens digit of q?
3
Let f(k) be the first derivative of k**2/2 + 10*k - 1. Let c(d) = d - 16. Let o be c(11). What is the units digit of f(o)?
5
Suppose -12 = 3*f + 5*i, -f - f + 5 = -i. Let m = 3 - f. Suppose m*t - 32 = -2*t. What is the units digit of t?
8
Let c = -17 - -32. Suppose 0 = -d + 36 - c. What is the units digit of d?
1
Let r = -54 - -87. What is the tens digit of r?
3
Let g(y) = -y**3 - 10*y**2 + 7*y + 13. Let l be g(-11). Suppose -2*s + 48 = o + 3*o, 4*s - l = -5*o. What is the units digit of o?
3
Let w be 34/3 + (-2)/6. Let r = w - 15. What is the units digit of 2*-1 - (r - 7)?
9
Let q = -51 - -77. Suppose 3*n + 3*l + 31 = 5*n, -n = -5*l - q. Suppose 5*s + 5 = 2*h + 4, s = 4*h - n. What is the units digit of h?
3
Suppose -16 = 3*z - z. Let l = z + 17. What is the units digit of l?
9
Suppose 0 = -g - 5*a - 18, 4*a = -4*g - 0*a - 8. What is the tens digit of 1/g*854/7?
6
What is the tens digit of 2/(-6) - (-3 - 275/15)?
2
Let b be 35/2*2 + 4. What is the units digit of 1 + (b - 4/4)?
9
Let c = -1 - -3. Let z(p) = 4*p**2 - 3*p + 3. What is the tens digit of z(c)?
1
Let p be ((-6)/9)/(2/(-15)). Suppose 5*z = p*q + 20, -z - 4 = -2*z + 2*q. Suppose -r + z*u = -21, 2*u + 1 = -r - 2. What is the units digit of r?
5
Let h = 103 - 88. What is the units digit of h?
5
Let h(r) = 5 - 3 - 3 + 2*r + 4. What is the units digit of h(5)?
3
Suppose -34 = -2*i + 3*i. What is the units digit of 1*i/(-2)*1?
7
Let a = 2 + 85. What is the units digit of a?
7
Let h(p) = p**3 + 6*p**2 - 15*p + 4. What is the tens digit of h(-7)?
6
Suppose 0 = -6*p + 3*p - h - 8, 0 = 3*p + 2*h + 4. What is the tens digit of ((-10)/(-15))/(p/(-222))?
3
Let i(o) = -o**3 - 5*o**2 + 4*o - 7. Let j be i(-6). Suppose j*x = 2*w - 12, 4*w + 30 - 6 = -2*x. Let h = w - -7. What is the units digit of h?
3
Let u(v) = v. Let h be u(0). Let w(t) = t**3 - 6*t**2 - 6*t - 5. Let x be w(7). What is the units digit of (x - -13) + h + 3?
8
Suppose 15*q - 1856 = -q. What is the tens digit of q?
1
Suppose -3*q - 2*p - 4 = 0, -2*p = -q + 3*p + 27. What is the units digit of 2 - (0 + 0)/q?
2
Suppose -4*u = -2*r + 40, -2*r + 0 - 4 = 0. Let m = -5 - u. What is the units digit of m?
6
Suppose 2*t + 2*j = 58, 183 = 5*t + 4*j + 35. Suppose -4*m = -0*m - t. What is the units digit of m?
8
Suppose -5*h + 145 = 5*p, 0 = 2*p + 2*p - 16. Let j = h - 18. What is the units digit of j?
7
Let u be ((-2)/(-6))/((-5)/(-75)). Suppose -10 = u*r - 55. What is the units digit of r?
9
Let b = 53 + -34. What is the units digit of b?
9
Let p = 87 + 21. What is the tens digit of p?
0
What is the units digit of -1 + (-465)/(-6) - (-2)/4?
7
Suppose -2*u + 275 = -4*c - c, -5*u + 659 = -3*c. What is the tens digit of u?
3
Let l(a) = 3*a**2 + 12*a - 2. What is the units digit of l(-5)?
3
What is the units digit of 11/(308/(-12)) + (-2078)/(-14)?
8
Let j(b) = 2*b**2 + 4*b - 3. Let c be j(-4). Suppose -3*r + c = 1. What is the units digit of ((-1)/2)/((-2)/r)?
1
Let u be 0/((-3)/3) + -5. Let h(m) = -m - 4. Let d be h(u). What is the units digit of (-161)/(-28) + d/4?
6
Let x(c) be the first derivative of c**4/4 + c**3/3 - 11*c**2/2 + 6*c + 5. What is the units digit of x(4)?
2
Let y = 23 - 17. Suppose 0 = -2*c + y*c - 148. What is the tens digit of c?
3
Let v(r) = -r**3 + 10*r**2 - r - 2. Let q be v(10). Suppose 104 = 4*w + b, -36 = -5*w - b + 94. Let p = w + q. What is the tens digit of p?
1
Suppose 5*u - 49 = 1. What is the units digit of 4/u - (-52)/20?
3
Suppose 0 = d - 2 - 1, 2*m + 4*d - 74 = 0. What is the units digit of m?
1
Let a be (-6 + 3)*2/3. Let x(w) be the first derivative of -w**4/4 - 2*w**3/3 - 3*w**2/2 - w + 2. What is the units digit of x(a)?
5
Let t(x) = 33*x**3 - 3. Let b(o) = 22*o**3 - 2. Let s(i) = 8*b(i) - 5*t(i). What is the units digit of s(1)?
0
What is the units digit of ((-14)/(-1))/(12/30)?
5
Suppose -3*k + 2*k - 3*z - 5 = 0, k + 5*z = -9. Suppose -5*l = 2*t - 5, -l + 5 = t + k. What is the units digit of 1 - l - (-3)/1?
5
Let l(q) = q**2 - 7*q - 14. What is the units digit of l(-3)?
6
Suppose y - 120 = 2*i, -4 + 24 = 4*i. What is the units digit of y?
0
Suppose -2*f - 10 = -4*f. Suppose -5*c - 13 = 4*z, -z + f*z - 4*c - 32 = 0. Suppose -35 = -2*m - z*m. What is the units digit of m?
7
Let f(u) be the third derivative of u**4/3 + u**3/6 - 3*u**2. What is the units digit of f(4)?
3
Let d(q) = q. Let x be d(-1). Let w = 5 + x. Suppose 54 = w*h + 3*s, 4*s - s + 42 = 4*h. What is the units digit of h?
2
Suppose 5*h + 4*l + 20 = h, -4*h + 3*l + 8 = 0. What is the units digit of (-3 - h)/2